{"id":4463,"date":"2019-08-02T10:00:10","date_gmt":"2019-08-02T13:00:10","guid":{"rendered":"http:\/\/icsantos.catwork.com.br\/?page_id=4463"},"modified":"2020-02-26T19:02:21","modified_gmt":"2020-02-26T22:02:21","slug":"nossa-historia","status":"publish","type":"page","link":"http:\/\/icsantosnew1.hospedagemdesites.ws\/?page_id=4463","title":{"rendered":"Nossa Hist\u00f3ria"},"content":{"rendered":"<p>Contar os 72 anos de hist\u00f3ria do Iate Clube de Santos em poucas linhas \u00e9 abreviar os detalhes mais interessantes do caminho. Clube n\u00e1utico quase sempre segue a mesma receita: grupo de amigos\/velejadores \u00e0 procura de um local adequado para a guarda de seus barcos. Guaruj <a href=\"http:\/\/icsantosnew1.hospedagemdesites.ws\/?page_id=4463\" title=\"Read more on Nossa Hist\u00f3ria\" class=\"more-link\">read more<\/a><\/p>\n<!-- AddThis Advanced Settings generic via filter on the_content --><!-- AddThis Share Buttons generic via filter on the_content -->","protected":false},"excerpt":{"rendered":"<p>Contar os 72 anos de hist\u00f3ria do Iate Clube de Santos em poucas linhas \u00e9 abreviar os detalhes mais interessantes do caminho. Clube n\u00e1utico quase sempre segue a mesma receita: grupo de amigos\/velejadores \u00e0 procura de um local adequado para a guarda de seus barcos. Guaruj read more<!-- AddThis Advanced Settings generic via filter on get_the_excerpt --><!-- AddThis Share Buttons generic via filter on get_the_excerpt --><\/p>\n","protected":false},"author":5,"featured_media":0,"parent":0,"menu_order":0,"comment_status":"closed","ping_status":"closed","template":"","meta":{"_links_to":"","_links_to_target":""},"_links":{"self":[{"href":"http:\/\/icsantosnew1.hospedagemdesites.ws\/index.php?rest_route=\/wp\/v2\/pages\/4463"}],"collection":[{"href":"http:\/\/icsantosnew1.hospedagemdesites.ws\/index.php?rest_route=\/wp\/v2\/pages"}],"about":[{"href":"http:\/\/icsantosnew1.hospedagemdesites.ws\/index.php?rest_route=\/wp\/v2\/types\/page"}],"author":[{"embeddable":true,"href":"http:\/\/icsantosnew1.hospedagemdesites.ws\/index.php?rest_route=\/wp\/v2\/users\/5"}],"replies":[{"embeddable":true,"href":"http:\/\/icsantosnew1.hospedagemdesites.ws\/index.php?rest_route=%2Fwp%2Fv2%2Fcomments&post=4463"}],"version-history":[{"count":14,"href":"http:\/\/icsantosnew1.hospedagemdesites.ws\/index.php?rest_route=\/wp\/v2\/pages\/4463\/revisions"}],"predecessor-version":[{"id":5886,"href":"http:\/\/icsantosnew1.hospedagemdesites.ws\/index.php?rest_route=\/wp\/v2\/pages\/4463\/revisions\/5886"}],"wp:attachment":[{"href":"http:\/\/icsantosnew1.hospedagemdesites.ws\/index.php?rest_route=%2Fwp%2Fv2%2Fmedia&parent=4463"}],"curies":[{"name":"wp","href":"https:\/\/api.w.org\/{rel}","templated":true}]}}